True
Is 1882667 a composite number?
False
Is 30463787 prime?
True
Is 151390843 a composite number?
True
Is 312329671 a prime number?
False
Is 70081807 composite?
True
Is 32882747 prime?
True
Is 907969871 composite?
True
Is 112316039 composite?
True
Is 29221307 composite?
False
Is 4966501 prime?
True
Is 3054619 composite?
True
Is 49390291 prime?
False
Is 478929991 a prime number?
True
Is 74908903 prime?
True
Is 65269249 prime?
True
Is 1021529 a composite number?
True
Is 32847277 a composite number?
False
Is 2557853 composite?
True
Is 260363009 a composite number?
False
Is 2382343 a composite number?
True
Is 60315023 a prime number?
True
Is 10813237 a prime number?
True
Is 13569539 composite?
False
Is 83337127 a composite number?
False
Is 139644037 prime?
False
Is 4510171 prime?
False
Is 9881931 prime?
False
Is 481217489 a prime number?
True
Is 3006329 composite?
True
Is 27381 prime?
False
Is 18485981 prime?
True
Is 3214657 prime?
True
Is 49486709 composite?
False
Is 20741447 prime?
True
Is 344207 a composite number?
False
Is 2903662 a composite number?
True
Is 3487843 composite?
False
Is 17076229 a prime number?
False
Is 90010001 a prime number?
True
Is 32316139 a composite number?
False
Is 33889411 a composite number?
True
Is 269531629 prime?
True
Is 7219469 composite?
False
Is 77185951 composite?
False
Is 17985701 a prime number?
False
Is 107549543 a composite number?
False
Is 1383523 a composite number?
True
Is 52610849 composite?
False
Is 47588545 a composite number?
True
Is 279007901 prime?
False
Is 21781967 composite?
False
Is 226864147 composite?
False
Is 11151947 a composite number?
False
Is 64815227 prime?
True
Is 30094997 a composite number?
False
Is 2735357 prime?
True
Is 14297173 prime?
False
Is 2496152057 prime?
False
Is 181782789 a prime number?
False
Is 2300581 a prime number?
True
Is 2832031 composite?
False
Is 256259179 prime?
False
Is 126203458 a composite number?
True
Is 93509797 composite?
False
Is 1614751 composite?
True
Is 3063901 prime?
False
Is 3313561 prime?
True
Is 137673841 a composite number?
False
Is 2046197 a composite number?
True
Is 287152109 prime?
False
Is 3459997 composite?
False
Is 1261949 composite?
True
Is 144182567 prime?
False
Is 89758595 a prime number?
False
Is 5054101 composite?
True
Is 18886717 composite?
False
Is 587099 a prime number?
False
Is 39932437 a composite number?
False
Is 8557007 composite?
False
Is 929737 prime?
True
Is 55859689 prime?
False
Is 2065073 composite?
False
Is 730934093 a prime number?
True
Is 68329721 composite?
False
Is 1526573 prime?
False
Is 15982229 a prime number?
True
Is 14651891 a prime number?
True
Is 99240649 composite?
False
Is 189429053 composite?
True
Is 7291567 prime?
True
Is 484105015 a composite number?
True
Is 2595371 a composite number?
True
Is 15797401 composite?
True
Is 607242031 prime?
False
Is 451777894 prime?
False
Is 24353599 a prime number?
False
Is 2228591 composite?
False
Is 1019951 a prime number?
False
Is 711711505 prime?
False
Is 4257893 prime?
False
Is 1441731371 composite?
False
Is 176987429 a prime number?
True
Is 516629 a prime number?
False
Is 132154681 prime?
True
Is 288780031 a composite number?
True
Is 43360729 a composite number?
False
Is 408007562 prime?
False
Is 243712981 a composite number?
True
Is 130473715 composite?
True
Is 389755 prime?
False
Is 9840417 a prime number?
False
Is 2282801 a prime number?
True
Is 11830443 a prime number?
False
Is 744269 composite?
True
Is 59379673 prime?
False
Is 32110651 a composite number?
False
Is 402367363 a composite number?
False
Is 14325827 composite?
False
Is 188737033 a composite number?
False
Is 266294473 prime?
True
Is 6476291 a prime number?
False
Is 72555739 a composite number?
True
Is 718973 a prime number?
True
Is 219423433 a composite number?
False
Is 10736519 a prime number?
True
Is 69093727 a composite number?
True
Is 656233 composite?
True
Is 8210271 a prime number?
False
Is 90125767 a composite number?
True
Is 98021029 prime?
False
Is 214313417 a prime number?
True
Is 49626631 prime?
True
Is 29321927 a composite number?
False
Is 45494135 a prime number?
False
Is 626297174 a composite number?
True
Is 16725391 a prime number?
False
Is 21999883 a prime number?
False
Is 30528947 prime?
True
Is 77706991 a prime number?
False
Is 15526489 a composite number?
True
Is 35356987 composite?
False
Is 74332849 a composite number?
True
Is 152097829 composite?
True
Is 784435 a prime number?
False
Is 1716892311 composite?
True
Is 47777159 a prime number?
False
Is 284099 a composite number?
True
Is 12033761 a composite number?
True
Is 28630237 a composite number?
False
Is 2736757 prime?
True
Is 533348509 composite?
False
Is 259411 a prime number?
True
Is 14271553 a composite number?
True
Is 696107 composite?
False
Is 397224251 prime?
True
Is 11270599 a composite number?
False
Is 21111457 a prime number?
True
Is 492203 prime?
False
Is 5959409 prime?
False
Is 17171759 prime?
False
Is 100269959 a prime number?
True
Is 112554007 composite?
False
Is 555694 a prime number?
False
Is 2419343 composite?
False
Is 45689159 a prime number?
True
Is 21279319 composite?
False
Is 48790279 prime?
True
Is 12800597 prime?
True
Is 293263897 a composite number?
False
Is 522601447 a prime number?
True
Is 340736359 composite?
True
Is 2527429 composite?
False
Is 7000943 composite?
False
Is 27452878 a composite number?
True
Is 5804691 a composite number?
True
Is 6729049 prime?
False
Is 1493591 prime?
False
Is 22578463 a prime number?
True
Is 2765351 composite?
False
Is 234145 composite?
True
Is 109312291 prime?
False
Is 9630743 a prime number?
True
Is 5370289 composite?
False
Is 187306577 prime?
False
Is 9587605 a composite number?
True
Is 81179069 composite?
False
Is 2088971 prime?
True
Is 138322369 a composite number?
True
Is 72343795 a prime number?
False
Is 4159049 prime?
True
Is 7303633 a prime number?
True
Is 70466923 a prime number?
True
Is 5923 a prime number?
True
Is 12689507 a composite number?
False
Is 5049313 prime?
True
Is 1658927 a prime number?
True
Is 148223006 composite?
True
Is 145087 a prime number?
False
Is 5817335 a prime number?
False
Is 70746029 composite?
True
Is 9270527 a prime number?
False
Is 265231 prime?
True
Is 1086373 prime?
True
Is 12821273 prime?
True
Is 33483223 a prime number?
False
Is 1080589 prime?
True
Is 30337157 composite?
False
Is 650549 composite?
False
Is 30131107 a prime number?
True
Is 67453759 a prime number?
False
Is 859489 composite?
True
Is 1999042 prime?
False
Is 6368501 prime?
True
Is 1946059 prime?
True
Is 12150365 a prime number?
False
Is 67836191 prime?
False
Is 63925003 prime?
True
Is 381673 a prime number?
True
Is 55348619 prime?
True
Is 9215753 composite?
False
Is 650681 composite?
True
Is 76875947 a composite number?
True
Is 5432699 composite?
False
Is 1207897 prime?
False
Is 28890437 a composite number?
False
Is 488561 prime?
False
Is 12095717 a composite number?
False
Is 23415859 composite?
False
Is 1000823 composite?
True
Is 452759 composite?
False
Is 204887 a composite number?
False
Is 27551899 composite?
False
Is 30719141 a prime number?
False
Is 570588983 a prime number?
True
Is 3512363 prime?
False
Is 36785063 composite?
True
Is 1888957 a composite number?
True
Is 57821407 composite?
True
Is 890663 a composite number?
True
Is 11772083 composite?
True
Is 24920167 composite?
False
Is 111636151 composite?
True
Is 4285409 a prime number?
False
Is 61392637 prime?
True
Is 36276785 composite?
True
Is 1497263 composite?
False
Is 546781 composite?
False
Is 4377073 composite?
True
Is 39085919 prime?
True
Is 821083 a composite number?
True
Is 55605311 composite?
False
Is 52907737 composite?
False
Is 5306581 composite?
True
Is 5328887 a prime number?
False
Is 11637883 composite?
True
Is 109169 a prime number?
True
Is 18602179 composite?
True
Is 4535561 a prime number?
True
Is 282692741 prime?
False
Is 1837919 composite?
False
Is 5114191 prime?
True
Is 17081521 a composite number?
False
Is 862722403 a composite number?
True
Is 50520551 composite?
False
Is 26244689 prime?
False
Is 289277 composite?
True
Is 18199987 composite?
True
Is 215064133 a composite number?
True
Is 60171886 prime?
False
Is 119003 a prime number?
False
Is 166810331 prime?
True
Is 11481607 a prime nu